actor of 2435?
False
Is 20434 a multiple of 53?
False
Is 43614 a multiple of 35?
False
Is 346647 a multiple of 51?
True
Is 37 a factor of 47212?
True
Does 18 divide 251608?
False
Is 374 a factor of 3983419?
False
Is 32 a factor of 135712?
True
Does 121 divide 240067?
False
Is 379461 a multiple of 5?
False
Is 492818 a multiple of 79?
False
Is 9765 a multiple of 465?
True
Is 3 a factor of 111134?
False
Does 34 divide 95414?
False
Does 234 divide 3303144?
True
Is 888 a factor of 3499838?
False
Does 11 divide 464651?
True
Is 313 a factor of 3919818?
False
Is 21 a factor of 998550?
True
Does 225 divide 206606?
False
Is 1290674 a multiple of 493?
True
Is 61 a factor of 5063353?
False
Is 90 a factor of 9086760?
True
Does 61 divide 12531151?
False
Is 1542506 a multiple of 8?
False
Does 28 divide 35593?
False
Is 300845 a multiple of 104?
False
Is 734977 a multiple of 101?
True
Does 163 divide 15811?
True
Does 93 divide 151673?
False
Is 1168557 a multiple of 83?
True
Does 626 divide 462614?
True
Is 623359 a multiple of 11?
True
Does 8 divide 705947?
False
Is 38 a factor of 836950?
True
Is 55 a factor of 21524?
False
Is 3 a factor of 1671?
True
Is 811844 a multiple of 44?
True
Is 1668 a factor of 20911823?
False
Is 5 a factor of 89523?
False
Does 469 divide 740551?
True
Is 231 a factor of 391545?
True
Is 23 a factor of 4651898?
False
Is 376 a factor of 1296824?
True
Does 15 divide 216180?
True
Is 1131560 a multiple of 553?
False
Does 10 divide 783310?
True
Is 116 a factor of 415657?
False
Is 9 a factor of 306098?
False
Does 105 divide 2548770?
True
Is 881731 a multiple of 218?
False
Is 49 a factor of 10444255?
False
Does 391 divide 8572675?
True
Is 250320 a multiple of 20?
True
Is 88 a factor of 2065624?
True
Is 2525800 a multiple of 72?
False
Is 392564 a multiple of 15?
False
Does 18 divide 2796886?
False
Is 268166 a multiple of 100?
False
Is 18118464 a multiple of 3111?
True
Does 74 divide 183594?
True
Is 100 a multiple of 100?
True
Does 694 divide 3666851?
False
Does 84 divide 496020?
True
Does 22 divide 2603060?
False
Does 25 divide 211454?
False
Is 17 a factor of 81311?
True
Does 331 divide 557735?
True
Does 34 divide 1343071?
False
Does 243 divide 146507?
False
Is 27 a factor of 909290?
False
Is 86 a factor of 432494?
True
Is 14 a factor of 12143435?
False
Does 78 divide 113582?
False
Is 231191 a multiple of 18?
False
Is 50 a factor of 80769?
False
Is 18 a factor of 2811960?
True
Is 258480 a multiple of 60?
True
Does 27 divide 144936?
True
Does 69 divide 67758?
True
Is 4361700 a multiple of 930?
True
Is 5 a factor of 58135?
True
Is 36 a factor of 130745?
False
Is 19 a factor of 826378?
False
Is 48 a factor of 640896?
True
Does 4 divide 1434309?
False
Is 9 a factor of 41274?
True
Is 198603 a multiple of 54?
False
Does 403 divide 189813?
True
Does 390 divide 702780?
True
Does 76 divide 910936?
True
Does 370 divide 1428209?
False
Does 81 divide 463482?
True
Is 517485 a multiple of 3?
True
Is 3233938 a multiple of 137?
False
Is 391363 a multiple of 49?
True
Does 13 divide 250761?
False
Is 88 a factor of 4107576?
True
Is 18 a factor of 1028250?
True
Is 130434 a multiple of 2?
True
Does 9 divide 48798?
True
Does 174 divide 207756?
True
Is 390 a factor of 264168?
False
Is 587 a factor of 7928022?
True
Is 8 a factor of 43618?
False
Is 39290 even?
True
Is 8761480 a multiple of 104?
True
Is 8495761 a multiple of 35?
False
Is 3 a factor of 88523?
False
Is 247903 a multiple of 25?
False
Is 634669 a multiple of 133?
False
Does 71 divide 155603?
False
Is 1244 a factor of 17649152?
False
Does 67 divide 62433?
False
Is 3775453 a multiple of 17?
False
Does 18 divide 3726378?
True
Is 72 a factor of 263555?
False
Is 1988160 a multiple of 380?
True
Does 7 divide 91493?
False
Does 803 divide 2058089?
True
Is 1392181 a multiple of 361?
False
Is 2426532 a multiple of 467?
True
Is 2136144 a multiple of 764?
True
Is 450 a factor of 2472750?
True
Is 40272 a multiple of 522?
False
Is 473 a factor of 6803001?
False
Is 62 a factor of 364684?
True
Is 375 a factor of 4562596?
False
Is 304 a factor of 5252512?
True
Is 5 a factor of 543382?
False
Is 175 a factor of 142975?
True
Is 47 a factor of 952502?
True
Is 822 a factor of 851185?
False
Is 4184731 a multiple of 1074?
False
Is 19809 a multiple of 3?
True
Does 199 divide 884356?
True
Is 3112255 a multiple of 138?
False
Is 45368 a multiple of 212?
True
Does 31 divide 123633?
False
Is 10 a factor of 35310?
True
Is 303 a factor of 400348?
False
Does 2 divide 1572779?
False
Is 12955512 a multiple of 392?
False
Does 15 divide 1271160?
True
Is 272 a factor of 183613?
False
Is 64 a factor of 8202816?
True
Is 133077 a multiple of 21?
True
Is 8 a factor of 989199?
False
Is 70 a factor of 677320?
True
Does 166 divide 609386?
True
Does 71 divide 28554?
False
Is 16 a factor of 1501104?
True
Does 16 divide 1917201?
False
Is 14 a factor of 100155?
False
Is 60 a factor of 821708?
False
Does 433 divide 2577649?
True
Is 7668 a multiple of 54?
True
Does 52 divide 1399?
False
Is 160 a factor of 41590?
False
Is 1658 a factor of 9236441?
False
Does 38 divide 988760?
True
Is 167 a factor of 83500?
True
Is 4 a factor of 84177?
False
Is 496 a multiple of 4?
True
Is 4 a factor of 143411?
False
Does 40 divide 533120?
True
Is 79 a factor of 246954?
True
Is 25 a factor of 109603?
False
Does 27 divide 471121?
False
Is 2293977 a multiple of 7?
True
Is 13804085 a multiple of 233?
True
Is 154841 a multiple of 8?
False
Is 110 a factor of 935777?
False
Does 6 divide 377550?
True
Is 138075 a multiple of 7?
True
Is 159 a factor of 60579?
True
Is 1760700 a multiple of 50?
True
Does 505 divide 5010105?
True
Is 171 a factor of 105017?
False
Does 441 divide 5705460?
False
Is 7071648 a multiple of 482?
False
Is 3 a factor of 1999112?
False
Is 106607 a multiple of 17?
True
Is 118 a factor of 235240?
False
Does 48 divide 3833136?
True
Does 5 divide 531551?
False
Is 502572 a multiple of 868?
True
Does 13 divide 9152?
True
Is 18118218 a multiple of 94?
True
Is 247296 a multiple of 69?
True
Does 3 divide 19300?
False
Is 26904 a multiple of 228?
True
Does 11 divide 210265?
True
Does 9 divide 5579595?
True
Is 120734 a multiple of 621?
False
Is 601640 a multiple of 178?
True
Does 17 divide 14718285?
False
Is 13 a factor of 598660?
False
Does 13 divide 96694?
True
Does 148 divide 1708364?
True
Is 9 a factor of 504621?
True
Is 23 a factor of 49617?
False
Does 47 divide 3715115?
True
Is 58685 a multiple of 124?
False
Is 1151722 a multiple of 26?
True
Does 562 divide 4722655?
False
Is 714 a factor of 184719?
False
Is 4278560 a multiple of 208?
True
Is 11 a factor of 642867?
False
Does 16 divide 1509604?
False
Is 31 a factor of 6355?
True
Does 259 divide 97643?
True
Does 9 divide 264762?
True
Does 755 divide 2668098?
False
Is 185 a factor of 1084655?
True
Does 558 divide 1727568?
True
Does 6 divide 4039014?
True
Is 937 a factor of 712120?
True
Does 14 divide 212879?
False
Does 296 divide 4032014?
False
Is 30880 a multiple of 30?
False
Is 51868 a multiple of 148?
False
Is 102 a factor of 107202?
True
Does 42 divide 216384?
True
Is 60164 a multiple of 35?
False
Does 216 divide 2333232?
True
Is 859 a factor of 6599697?
True
Does 61 divide 6275?
False
Does 85 divide 97601?
False
Is 849993 a multiple of 293?
True
Is 7 a factor of 4240438?
False
Is 1404095 a multiple of 521?
True
Is 119 a factor of 328916?
True
Is 16 a factor of 1262352?
True
Does 216 divide 2076189?
False
Does 9 divide 1586923?
False
Is 722592 a multiple of 9?
True
Is 64 a factor of 107328?
True
Is 102505 a multiple of 68?
False
Does 20 divide 75560?
True
Is 17448659 a multiple of 101?
True
Is 290 a factor of 8337258?
False
Is 29 a factor of 4072441?
True
Is 40 a factor of 1110200?
True
Does 34 divide 266424?
True
Is 54 a factor of 766422?
True
Does 768 divide 18971136?
True
Does 106 divide 1109001?
False
Does 230 divide 1105963?
False
Does 817 divide 362170?
False
Is 186 a factor of 309495?
False
Is 2211476 a multiple of 214?
True
Is 152575 a multiple of 425?
True
Is 280 a factor of 57120?
True
Is 138684 a multiple of 42?
True
Does 3 divide 7876047?
True
Is 27 a factor of 43574?
False
Is 211536 a multiple of 39?
True
Is 302028 a multiple of 44?
False
Does 17 divide 102595?
True
Does 23 divide 14513?
True
Is 719 a 